) = -5*d. Let t be 33/6 + (-2)/4. Let x be t/(-3) + (-2)/(-3). Calculate l(x).
5
Let f(q) = 5*q**2 - 6*q + 1. Let t(i) = -11*i**2 + 13*i - 3. Let y(d) = -7*f(d) - 3*t(d). What is y(-2)?
-12
Let o(a) = a - 9. Let h be o(9). Suppose -4*l - 16 = -h*l. Let q(s) = 2*s + 1. Determine q(l).
-7
Let d(i) be the second derivative of 4*i**3/3 + 10*i. Give d(-1).
-8
Let n(u) = -u**2 - 2*u + 4. Suppose 3*p - 16 = 5*k, 2*p + 8 = -5*k + 27. Suppose -2*l + 8 = 0, p*t = 3*t - 3*l + 4. Let i be (-1)/(t - (-21)/9). Determine n(i).
1
Let x be (-1 + (-3)/1)*-1. Let h(f) = 1 - 7*f - x*f**2 + 5*f**3 + 10*f**2 - 4*f**3 - f**2. Give h(-6).
7
Let y(s) = -2*s - 4. Let g = 4 - -6. Suppose 4*b = 5*r - g*r - 13, -2*r = -4*b + 22. Determine y(b).
-10
Let g(y) = y**2 + 8*y - 3. Let k be g(-8). Let f(d) = d**3 + 3*d**2 - 3*d + 1. Give f(k).
10
Let l(x) be the second derivative of -x**5/20 + 5*x**4/12 - 2*x**3/3 + x**2 - 13*x. What is l(4)?
2
Let x(z) = -z + 1. Let n(d) = -15*d + 5. Let i(c) = n(c) - 5*x(c). Calculate i(1).
-10
Let t = 13 + -7. Let w(a) = 6*a**2 + 3 - 2*a + 2 + 0*a - a**3. Determine w(t).
-7
Let q(v) = 5*v**2 + 7*v + v**3 - 4 - 4 + 4 + 10. Calculate q(-4).
-6
Suppose -8*s = -11*s. Let d(n) be the first derivative of s*n**2 - 4*n + 1/3*n**3 + 2. Determine d(0).
-4
Let p(u) = -1 + 4 + 2 - 2 - 6*u. Determine p(2).
-9
Suppose 2*p - 3*g = -2*g + 9, 2*p + g = -1. Let b(y) = 3*y - 3 - p - 6 + 14. Determine b(-3).
-6
Let n(q) = 17 + 12 - 28 - 2*q - 21*q. Give n(1).
-22
Let p be (-5)/2*(-5 - (-3)/1). Let b(j) = -j**2 + 7*j + 2. Calculate b(p).
12
Let d(w) = -3*w. Suppose -j = 4*x - 19, 7*j = 3*j + 5*x - 8. Let f be 2 + (j - (1 - 1)). Suppose 0 = -3*c - 0*c + 4*k + 13, -5 = f*k. Determine d(c).
-9
Let h(i) = 2*i**2 + 5*i + 4. Let p = -17 - -15. Let d be h(p). Let x(y) = -3*y + 1. Determine x(d).
-5
Let f(u) be the first derivative of -u**2/2 + 5*u + 2. Let v(w) = 2*w - 51. Let r be v(28). Calculate f(r).
0
Suppose 0 = -5*u + 2*l - 3*l + 21, l + 24 = 4*u. Let h(f) = -f**3 + 7*f**2 - 6*f. Give h(u).
20
Let a(q) = -q**3 + 2*q**2 - 4*q + 3. Let j be (-16)/(-10) - 16/(-40). Let k(o) = 2*o**2 - o**3 + j + 6*o**2 + 0*o**2 + 0. Let c be k(8). What is a(c)?
-5
Let q(m) = -m**2 - 10*m + 10. Let k be q(-10). Let i be (-2)/k + 11/5. Suppose -i - 1 = j. Let w(x) = x**2 + 5*x + 3. Determine w(j).
-3
Suppose -h - h - 8 = 0. Let k be h/(-10)*(4 - -21). Let t = k - 15. Let b(p) = -p**2 - 7*p. Calculate b(t).
10
Let x(i) be the second derivative of i**5/20 - i**4/3 - i**3/6 - 7*i**2/2 - 2*i. Let g = -180 - -185. What is x(g)?
13
Let p(k) = 0 + 4*k**2 - 520*k - 2 + 520*k. What is p(2)?
14
Let l(b) = -b**2 + 3*b - 5. Let c(v) = 3 + 0*v**2 + 0*v**2 + v**2 + 2*v. Let z be c(-2). Suppose -z*m = 12, 0 = 4*o + 2*m - 5*m - 28. Determine l(o).
-9
Let q(v) = 2*v + 1. Suppose o + 3*o = -16. Give q(o).
-7
Suppose -6*j = -2*j - 12. Let r(a) be the second derivative of 0 + 7/2*a**2 - 1/3*a**4 + 5/6*a**3 - 1/20*a**5 - j*a. Calculate r(-5).
7
Let i(l) = -8*l. Let y be i(-1). Suppose 6*b - 2*b = y. Let u(w) = -5*w**b + 4*w**2 + 3*w + 2*w. Give u(6).
-6
Suppose 1 = 3*u - 14. Let n(a) = 1 + 4*a**2 - 2*a**3 - 5*a**2 - 2 + a**3. Let d(z) = 2*z**3 + 3*z**2 + 1. Let b(h) = -6*d(h) - 13*n(h). Calculate b(u).
7
Let t(a) be the first derivative of -4*a**3/3 - a**2/2 + 4. Suppose 0 = -3*c + 2 + 1. Calculate t(c).
-5
Let f be 1 + 4/2 + -4. Let c(d) = -8*d + 0 - 5 + 4. Determine c(f).
7
Let t(o) = o**3 - o**2 + 4*o + 7. Let f(n) = n**3 + 3*n + 6. Let q(i) = 3*f(i) - 2*t(i). Let k be (-24)/9 - (-2)/(-6). Determine q(k).
-8
Let t(c) = c + 3. Let u be t(-6). Let k(l) = -l**2 - 7*l + 9. Let w be k(-8). Let n(o) = -2 - o + w - 3. Give n(u).
-1
Let a = -12 - -20. Suppose 3*c - a = -0*c - 2*z, 3*c + 2 = -4*z. Let l(f) = f**2 - 6*f - 3. Give l(c).
-3
Let k(u) = u**3 + 2*u**2 - 1. Let a(t) = t**3 - 9*t**2 + t - 11. Let f be -1*(2 - -1)*-2. Let g be ((-18)/(-4))/(3/f). Let v be a(g). Calculate k(v).
-1
Let o(j) = -j + 9. Let a be o(9). Let r(n) be the third derivative of -n**5/60 - n**4/24 + 3*n**3/2 - n**2. Calculate r(a).
9
Let x = 6 - 4. Let u(s) be the first derivative of s**7/840 - s**6/180 + s**5/120 - 5*s**3/3 - 5. Let m(h) be the third derivative of u(h). Determine m(x).
2
Suppose -3*z - 4 = 8. Let x(p) be the first derivative of 2 + 2*p + 1/2*p**2. What is x(z)?
-2
Let d(r) = 5*r - 23*r + 1 + 12*r. Determine d(-1).
7
Let j(g) = 3*g. Let k be (-1 - -6)/(-1 + 0). Let q(a) = a**3 + 8*a**2 - 7*a + 11. Let y be q(-9). Let o = k - y. Calculate j(o).
6
Let m(n) = -n**2 - 9*n + 11. Let z be m(-10). Let r(k) be the second derivative of 1/3*k**4 + 0 + 0*k**3 - k + 1/2*k**2. What is r(z)?
5
Let j(u) = 10*u + 1. Let m = -181 + 183. What is j(m)?
21
Suppose 4*c + 1 = 5, 26 = -5*v - 4*c. Let k(s) = s**3 + 8*s**2 - 11*s - 5. Let h(l) = -l**2 + l. Let x(p) = 3*h(p) + k(p). Determine x(v).
7
Let r(c) be the first derivative of -c**4/4 + 4*c**3/3 - c**2/2 + 3*c - 5. Suppose -f = -4*t + 21, t - 2*f - 13 = 1. Calculate r(t).
-1
Suppose -5*j = -2*w - 27 + 1, 0 = -3*w - 3*j + 3. Let c(n) = 2*n + 1. What is c(w)?
-5
Let t(g) = 0*g + g**3 + g - 1 - 4*g**2 + 0*g. Determine t(3).
-7
Let z(p) = -p**3 + 3*p**2 - 3*p + 3. Let u = -38 + 37. Let r(h) be the first derivative of 2*h**3/3 + h + 1. Let n be r(u). What is z(n)?
-6
Let m = -11 - -8. Let n(s) = -2*s**2 + 3*s**2 - 6 + 0*s**2 + 5. What is n(m)?
8
Let g(n) = 5*n + 3. Suppose -j - 3*j = 0. Let u be 5 - 6 - (-1 - 4). Suppose -u*t = 8 - j. Calculate g(t).
-7
Let k(i) = 4*i**2 + 13*i. Let c(o) = -o**2 - 3*o. Let z(n) = 9*c(n) + 2*k(n). Determine z(0).
0
Let o(w) = w**3 - 3*w**2 + w - 2. Let d(t) = t**2 + 3*t + 2. Let x be d(-2). Let a be (2 - x)/(-2)*-2. Calculate o(a).
-4
Let v(j) = j**3 - j - 1. Let i(z) = z + 1. Let a be i(-3). What is v(a)?
-7
Let q(p) = p - 5. Let v be q(0). Let l be (11 + -1)*(-1)/(-2). Let c(a) = 0*a - 1 - l - 2*a. Calculate c(v).
4
Let c(t) be the third derivative of -t**4/24 + 2*t**3/3 - t**2. Suppose 0 = -0*q - 2*q - 8. Give c(q).
8
Let b(w) = -w**3 - w**2 + 3*w - 1. Let q = 135 - 138. Determine b(q).
8
Let r(g) = g**3 - 6*g**2 + 2*g + 7. Let x(t) = -t**2 + 7*t + 1. Suppose 1 = h - 6. Let v be x(h). Let f = v + 4. Determine r(f).
-8
Let m(u) = -u + 9. Let t be m(7). Let h be -3 + t/1 - -2. Let p(o) = 6*o - 1. What is p(h)?
5
Let u(c) = 7*c - 3. Let i(l) = -l + 1. Let s(n) = 6*i(n) + u(n). Determine s(-5).
-2
Let n(h) be the second derivative of 1/2*h**2 + 0 + 2/3*h**3 - 2*h. Let d = -2 + 1. What is n(d)?
-3
Let f = -31 - -21. Let m = f - -9. Let h(w) = 1 - w - 1 - 1 + w**3. What is h(m)?
-1
Suppose -14 + 34 = 4*t. Let q(h) be the third derivative of -h**4/24 + 2*h**3/3 - 2*h**2. Calculate q(t).
-1
Let c(w) = 7*w**2 - 4 + 4. Let q = 9 - 13. Let f be 6/q*8/(-12). Calculate c(f).
7
Let n be -1 + (-2)/7 + (-2)/(-7). Let w(u) = -u**2 - u. Give w(n).
0
Suppose -n + 104 = -2*n. Let t be 1/4 - n/(-32). Let v(d) = d. Determine v(t).
-3
Let y(h) = h**3 + h**2 - h - 6. Suppose -s + 1 = -5*g, -4*s - 3 + 7 = -5*g. Give y(g).
-6
Let r(a) = -a**3 - 3*a**2 + 6*a + 4. Suppose -2 = -i - 0. Suppose u = f - 18, f + 21 = i*f - 4*u. Suppose 3 = -5*n - f. Calculate r(n).
-4
Let w(s) be the first derivative of -s**3/3 + 3*s**2/2 + 2*s - 48. Let l be (2/(-5))/(1/(-5)). Calculate w(l).
4
Let h(k) be the first derivative of -k**3/3 - k**2/2 + 4*k - 14. Determine h(-5).
-16
Suppose -2*r - 1 = 1. Let x(g) = g + 1. Let z be x(r). Suppose 9 = 3*q - z. Let n(l) = l**2 - 5*l + 2. Determine n(q).
-4
Let u(k) = 9*k**2 - 3*k**2 - k - k**3 - 1 - 3. Let f be (36/14)/3*7. Give u(f).
-10
Let i(p) = -2*p. Let m be i(0). Let w(l) = l**3 + l**2 + 6. Calculate w(m).
6
Let s(o) = 2*o**2 - 5*o - 4. Suppose j - 7 = -3. Determine s(j).
8
Let g(q) = q**2. Let j(a) be the third derivative of a**4/24 + a**3/2 - a**2. Let f be j(-3). Determine g(f).
0
Let y(s) = 0*s**3 - 2*s - 4*s - 3 + s**3 + 4*s**2. Let m = -4 - 1. Let t be (2/(-2) + 2)*m. Calculate y(t).
2
Let y(g) = 7*g + 1. Let a(b) = 6*b. Let d(u) = 6*a(u) - 5*y(u). Let n = 2 - -3. What is d(n)?
0
Let c(w) = -2*w - 2. Let k(x) = 3*x - 2 - x - 2. Let j be k(4). Suppose -2 = 5*o + 2*f, 7*f - 20 = j*o + 4*f. Determine c(o).
2
Let z(t) = t**2 - 7*t. Suppose -x + 3*b + 1 = -8, -3*b = -3*x + 33. Let y be (6/(-4))/((-3)/x). Determine z(y).
-6
Let p(h) = h**2 - h + 